 - 11*g**2 + 13*g + 18. What is n(-10)?
-212
Let s(i) = -i**2 - 32*i - 226. Determine s(-22).
-6
Let l(x) = -x - 1. What is l(-7)?
6
Let q(j) = 7*j + 149. What is q(-20)?
9
Let u(t) = -4*t + 2. Give u(-3).
14
Let u(k) = 3*k**3 - k**2 - k. Calculate u(2).
18
Let i(h) = -3*h + 62. Give i(21).
-1
Let t(y) = y**3 - 7*y**2 - 9*y + 11. Determine t(8).
3
Let m(i) = 2*i**2 + 17*i - 6. Give m(-9).
3
Let k(g) = g + 28. Determine k(-11).
17
Let g(z) = -2*z + 2. Give g(4).
-6
Let c(b) = 8*b - 9. What is c(3)?
15
Let s(i) = 3*i**3 + 15*i + 42. What is s(-2)?
-12
Let t(j) = -3*j**3 + 29*j**2 - 20*j + 18. What is t(9)?
0
Let y(i) = i**2 - i + 11. Give y(0).
11
Let u(f) = -2*f + 1. Calculate u(-3).
7
Let t(l) = -4*l**2 - 24*l - 21. Give t(-6).
-21
Let n(u) = u**3 - 11*u**2 + 23*u - 39. Calculate n(9).
6
Let m(x) = x**3 + 15*x**2 - 5. What is m(-15)?
-5
Let p(v) = -v**3 - 4*v**2 - 3*v - 1. What is p(-5)?
39
Let k(h) = 2*h**2 + 3*h - 2. Determine k(-3).
7
Let l(i) = i + 27. Determine l(-16).
11
Let p(q) = q**2 + 63*q - 188. Calculate p(3).
10
Let q(a) = a**3 - 7*a**2 + 15. What is q(7)?
15
Let t(v) = v. Determine t(1).
1
Let v(k) = 36*k - 92. Calculate v(5).
88
Let v(r) = -2*r + 12. What is v(0)?
12
Let q(r) = -44*r - 304. Calculate q(-7).
4
Let f(d) = d - 7. What is f(4)?
-3
Let r(f) = -7*f**3 + 3*f**2 - 7*f + 7. Determine r(3).
-176
Let u(w) = -w**3 - 11*w**2 - 2*w + 7. Calculate u(-11).
29
Let w(t) = -36*t - 1. Calculate w(2).
-73
Let x(f) = 19*f - 1. Determine x(1).
18
Let o(g) = -g**2 - 5*g + 3. Determine o(-6).
-3
Let v(j) = -2*j**3 - 9*j**2 - 3*j - 13. Calculate v(-5).
27
Let g(k) = 5*k**2 + 13*k - 183. Determine g(5).
7
Let g(o) = -o**2 + 12*o - 5. Calculate g(7).
30
Let g(v) = 5*v + 2. Determine g(1).
7
Let w(u) = -2*u + 74. Determine w(23).
28
Let d(g) = -5*g - 7. Determine d(-10).
43
Let t(s) = -s**3 - 3*s**2 + 3*s + 1. What is t(-3)?
-8
Let f(x) = x**2 + 4*x - 4. Determine f(-6).
8
Let t(x) = x**3 - 9*x**2 + 11*x + 26. What is t(6)?
-16
Let r(p) = -p + 11. Calculate r(0).
11
Let f(k) = -45*k + 27. Calculate f(2).
-63
Let z(y) = y**2 - 2*y + 1. What is z(2)?
1
Let g(f) = -f**2 + 8*f - 4. Calculate g(10).
-24
Let q(d) = -d**2 - 4. What is q(-2)?
-8
Let u(k) = -48*k. Calculate u(-1).
48
Let y(i) = 2*i - 3. Give y(-6).
-15
Let z(r) = -r**2 - 8*r - 9. Give z(-7).
-2
Let a(d) = 2*d**2 - d - 7. Determine a(2).
-1
Let h(n) = -78*n + 88. Give h(1).
10
Let l(s) = -2*s**2 - 17*s - 13. Calculate l(-7).
8
Let x(n) = 18*n + 124. What is x(-7)?
-2
Let v(g) = 8*g - 16. Give v(2).
0
Let q(a) = -a**3 + 11*a**2 - 6*a + 6. Give q(10).
46
Let b(u) = -29*u**2 - u + 1. Give b(1).
-29
Let a(g) = g - 17. Determine a(11).
-6
Let k(h) = -h**3 + 9*h**2 - 7*h - 5. Give k(8).
3
Let x(i) = -8*i - 12. What is x(-5)?
28
Let i(u) = -u**2 - 11*u - 20. Calculate i(-10).
-10
Let y(k) = -5*k**2 - 6*k + 8. What is y(5)?
-147
Let w(q) = 7*q - 118. Determine w(0).
-118
Let l(n) = -n**3 + 28*n**2 - 57*n + 107. Determine l(26).
-23
Let a(f) = f**3 - 4*f**2 - 22*f + 79. Give a(5).
-6
Let g(j) = j**3 - 4*j**2 + j + 2. Give g(-3).
-64
Let x(z) = -2*z**2 + 12*z - 2. Give x(9).
-56
Let p(o) = -6*o + 2. What is p(3)?
-16
Let s(t) = 3*t**3 - 2*t**2 + t + 1. Determine s(1).
3
Let k(w) = -10*w - 46. Determine k(-6).
14
Let g(a) = -a**3 + a**2 + 2*a + 7. What is g(0)?
7
Let h(d) = 10*d - 2. Calculate h(2).
18
Let f(b) = 6*b**3 + 2*b**2 + 6*b + 6. What is f(-1)?
-4
Let z(b) = 14*b - 34. Calculate z(13).
148
Let l(r) = r**2 - 6*r + 60. What is l(0)?
60
Let l(q) = 2*q - 3. Give l(-4).
-11
Let w(m) = -m**2 - 7*m - 14. What is w(-9)?
-32
Let d(n) = -2*n**2 + 65*n + 29. Determine d(33).
-4
Let m(u) = -u**2 - 18*u - 33. Give m(-16).
-1
Let n(g) = -21*g + 5. Calculate n(3).
-58
Let m(d) = -d**3 + 8*d**2 - 4*d - 14. What is m(6)?
34
Let c(k) = k**2 + 15*k - 57. What is c(-18)?
-3
Let l(m) = m**2 + 3*m - 15. Calculate l(0).
-15
Let v(t) = -6*t - 63. Give v(-8).
-15
Let c(b) = -5*b**2 - 33*b + 34. Calculate c(-8).
-22
Let l(d) = d**3 - 2*d**2 - 3*d - 18. Give l(4).
2
Let k(g) = -g**3 + g**2 + g - 3. What is k(-2)?
7
Let b(y) = y**3 + 13*y**2 - 2*y - 11. What is b(0)?
-11
Let j(v) = v**3 + 14*v**2 + 18*v + 20. Determine j(-11).
185
Let f(p) = p**3 - 7*p**2 + p - 7. Determine f(7).
0
Let h(a) = a**2 + 8*a + 3. Determine h(-4).
-13
Let v(k) = -80*k**3 + 3*k**2 - k - 1. Determine v(1).
-79
Let f(h) = -35*h - 98. What is f(-3)?
7
Let k(c) = -3*c**2 + 94*c + 57. What is k(32)?
-7
Let y(x) = -x**3 - 3*x**2 + 4*x - 3. Calculate y(2).
-15
Let z(j) = -j**3 - 5*j**2 - 5*j + 2. Determine z(-4).
6
Let i(z) = 4*z - 39. Calculate i(11).
5
Let b(o) = 35*o**3 - o**2 + 2*o + 2. What is b(-1)?
-36
Let d(n) = n**3 + 14*n**2 - 15*n - 2. Determine d(-15).
-2
Let j(a) = a**3 - 2*a**2 - 3*a + 4. Calculate j(3).
4
Let b(f) = 2*f - 25. What is b(12)?
-1
Let w(z) = -z**3 + 14*z**2 + 34*z - 37. Determine w(16).
-5
Let f(s) = s**2 - 6*s + 3. Calculate f(5).
-2
Let t(a) = -a**3 - a**2 + 7*a - 9. Calculate t(2).
-7
Let u(y) = -8*y**2 + 23*y - 2. Determine u(3).
-5
Let k(f) = -3*f**3 - 3*f**2 + f + 2. What is k(-2)?
12
Let s(n) = -n**2 + 10*n + 26. Calculate s(-5).
-49
Let x(d) = -4*d - 2. Give x(-7).
26
Let r(f) = f**2 - f - 78. Determine r(9).
-6
Let j(w) = -3*w + 24. Determine j(13).
-15
Let i(h) = -h**3 - 5*h**2 + 2*h + 10. Give i(-5).
0
Let x(s) = -s**3 - 12*s**2 - 2*s - 11. What is x(-12)?
13
Let h(u) = u**2 - 16*u - 555. Calculate h(33).
6
Let u(n) = 2*n**2 + 12*n - 20. Give u(2).
12
Let b(w) = -3*w + 4. Calculate b(10).
-26
Let t(m) = 8*m - 14. What is t(6)?
34
Let c(y) = -3*y**2 + 12*y - 18. Calculate c(2).
-6
Let s(g) = -g + 3. Calculate s(4).
-1
Let j(t) = -6*t - 53. What is j(-13)?
25
Let y(w) = 3*w - 13. Give y(12).
23
Let u(s) = 2*s - 39. Calculate u(12).
-15
Let k(x) = x**3 - 6*x**2 - x - 5. Give k(6).
-11
Let y(o) = -4*o**3 - 2*o**2 + o. Calculate y(1).
-5
Let g(d) = -d**3 - 3*d**2 + 13*d + 12. Calculate g(-5).
-3
Let q(g) = 6*g**2 + 4*g + 4. Determine q(-4).
84
Let q(p) = p**3 + p**2 + 2*p + 19. What is q(0)?
19
Let x(y) = y**3 + 8*y**2 + y + 11. Calculate x(-8).
3
Let r(m) = m**3 + 12*m**2 - 16*m + 3. Calculate r(-13).
42
Let h(l) = -l**3 - l + 3. Calculate h(-4).
71
Let m(h) = -13*h - 54. Give m(-6).
24
Let t(r) = -10*r**2 + r - 3. Give t(2).
-41
Let s(b) = -b**3 + 4*b**2 + 23. What is s(5)?
-2
Let k(l) = -2*l**2 + 40*l - 27. Calculate k(19).
11
Let r(l) = 6*l + 32. Determine r(-6).
-4
Let q(v) = -4*v**2 + 4*v. What is q(-4)?
-80
Let o(i) = 4*i - 11. Determine o(9).
25
Let b(y) = y**3 - 8*y**2 - 6*y + 12. What is b(8)?
-36
Let h(a) = -2*a**3 + 38*a**2 + 42*a - 27. Give h(20).
13
Let q(n) = n - 45. Calculate q(0).
-45
Let x(s) = -s**2 - s + 18. Give x(-4).
6
Let x(u) = -8*u + 4. What is x(2)?
-12
Let o(y) = -y + 15. Give o(8).
7
Let t(p) = -11*p - 62. Determine t(-6).
4
Let y(i) = i**3 - i**2 - 2*i - 3. Determine y(3).
9
Let g(c) = 41*c + 243. What is g(-6)?
-3
Let g(r) = -2*r**2 - 53*r - 72. Determine g(-25).
3
Let l(a) = -14*a**2 - 4*a + 5. Calculate l(1).
-13
Let r(f) = -6*f - 36. Calculate r(-3).
-18
Let j(r) = -3*r**2 - 4*r - 29. Calculate j(-7).
-148
Let x(c) = 15*c**2 - 6*c - 7. Calculate x(-2).
65
Let l(z) = z**2 + 18*z + 12. What is l(-13)?
-53
Let g(r) = r**3 + 5*r**2 + 7*r + 6. Determine g(-4).
-6
Let u(z) = 8*z + 125. What is u(-15)?
5
Let s(m) = m**3 + 18*m**2 - 4*m - 57. Determine s(-18).
15
Let x(d) = d**3 - 32*d + 26. What is x(-6)?
2
Let y(t) = -4*t + 6. Determine y(-5).
26
Let x(i) = i**3 - 6*i**2 + 3*i - 26. Give x(6).
-8
Let a(j) = 2*j. Give a(0).
0
Let z(s) = s**3 - 19*s**2 + 16*s + 30. Give z(18).
-6
Let f(n) = -4*n**2 - 4*n. Determine f(-5).
-80
Let v(m) = -18*m - 25. Give v(-7).
101
Let p(r) = -r**3 - 6*r**2 + r + 6. Give p(-6).
0
Let a(r) = r**2 + 6*r - 6. What is a(-5)?
-11
Let k(u) = -u**3 - 7*u**2 - 2*u - 21. Determine k(-7).
-7
Let z(k) = k**2 - 12*k - 49. What is z(15)?
-4
Let f(z) = -8*z**2 + 5*z + 10. Give f(-3).
-77
Let g(w) = w**2 - 19*w + 85. Determine g(5).
15
Let r(m) = -7*m + 22. Determine r(5).
-13
Let y(h) = h**2 - 9*h - 44. Determine y(-4).
8
Let o(a) = 3*a + 12. Calculate o(-5).
-3
Let f(x) = x**2 - 2*x + 12. Calculate f(3).
15
Let a(u) = -43*u + 21. Calculate a(4).
-151
Let w(v) = v**3 - 2*v**2 - 3*v + 2. Give w(-2).
-8
Let w(v) = -2*v**3 - 4*v**2 + 17*v + 32. Determine w(-3).
-